= -12 + 22. Let i = j - 0. What is the units digit of i?
0
Suppose 4*x = -3*o + 17, -4 = 2*x + o + 3*o. What is the units digit of x?
8
Let y be 0*(2 - (-3 + 4)). Suppose y = j + 7*w - 2*w - 22, -2*j + 3*w + 96 = 0. What is the units digit of j?
2
Suppose -3*n - 21 = -2*v - 147, 4*n = v + 168. What is the tens digit of n?
4
What is the units digit of 76/(-6)*30/(-10)?
8
Let g = 8 - -4. Let h = 2 + g. What is the tens digit of h?
1
Let k = 11 + -6. Suppose k + 7 = 3*d. What is the units digit of d?
4
Let s = -6 + 9. Suppose -s*d + 10 - 1 = 0. What is the units digit of d?
3
Let x(d) be the second derivative of d**4/12 - 2*d**3/3 - 11*d**2/2 - 2*d. What is the tens digit of x(7)?
1
Let d be (-12)/14*(-7 + 0). Let a be (12/(-10))/(d/20). Let l = -2 - a. What is the units digit of l?
2
Let r = -4 - -2. Let q be 1/(1*r/(-6)). Suppose 4*w = -5*t - 12, -q*w - 3*t = -0*t + 6. What is the units digit of w?
2
Suppose 0 = -2*l - 18 - 0. Let z = l + 18. What is the units digit of z?
9
Suppose -w = 2*v - 0*w - 3, -3*v + 3*w - 9 = 0. Suppose 3*k - k - 6 = v. Suppose -k*p - p + 8 = 0. What is the units digit of p?
2
What is the units digit of (-2*21)/(-14 - -13)?
2
Suppose j = -2 - 2. Let k = -16 + 8. What is the units digit of (j/(-8))/((-2)/k)?
2
Let f be 3/3 + -1 + 4. Suppose s = f*s. Suppose s = -3*l + 38 - 14. What is the units digit of l?
8
Suppose 0*h + 15 = 5*h. Suppose -5*n = -h*n - 58. What is the tens digit of n?
2
Suppose -5*k + 5 = 0, -2*c + 4*k + 81 = -c. What is the tens digit of c?
8
Suppose 6*w - 18 = 8*w. What is the units digit of (-3)/(-9) + (-42)/w?
5
Let n be -2 + 1 - (4 + -34). Suppose 0 = 4*z - l - n + 5, -55 = -5*z - 5*l. Suppose -11 = -3*p + z. What is the units digit of p?
6
Let r = -42 - -76. What is the units digit of r?
4
Let l(g) = -g**2 + 14*g - 14. What is the units digit of l(9)?
1
Suppose -84 + 289 = -5*d. Let s = d + 78. What is the tens digit of s?
3
Let y(p) = -p**2 + 27*p - 19. What is the tens digit of y(19)?
3
Let n be (1 + (-2)/2)/2. Let g(x) = -3*x + 4. Let t(d) = -2*d + 2. Let u(y) = 3*g(y) - 5*t(y). What is the units digit of u(n)?
2
Let x = -2 + 5. Suppose x*q = -12, 0*q = -2*z + 2*q - 6. Let y = z - -20. What is the tens digit of y?
1
Let q be (0 - -1)/(-3 + 2). What is the units digit of 0 + -2 - (q + -11)?
0
Let c(p) = p + 3. Let y be c(-3). Suppose y*j = 5*j - 5. What is the units digit of j?
1
What is the units digit of (-468)/(-8) + 2/(-4)*3?
7
Let v be 6 + (1*-4)/2. What is the units digit of (1 - -9) + (v - 2)?
2
Suppose -5*h + 18 = -2. What is the units digit of h?
4
Let m(y) = -1 + 0*y**3 + 4*y**2 + y + y**3 + 0*y. Let z be m(-3). Suppose c - 4*a = 30, -5*c - z*a + 10 + 15 = 0. What is the units digit of c?
0
Let r be (2 - 3)/(1/17). Let a = 49 + r. Let b = -17 + a. What is the tens digit of b?
1
Let s(o) = -o**2 - 11*o + 16. Let n be s(-12). Suppose -3*y = 2*d - 31, n*y + y + 4*d = 53. What is the units digit of y?
9
Suppose 2*p = -2*p. Suppose -2*l = -12 - p. What is the units digit of l?
6
Let c = 78 - 50. Suppose 4*m = -5*v - 14, 0 = 4*v - m - 0*m + c. What is the units digit of (v + 3)*2/(-3)?
2
Suppose -3*h + 27 = -99. What is the units digit of h?
2
Suppose 240 = 5*i - 65. What is the units digit of i?
1
Let b(v) = 2*v**2 + v - 4. Let l be (-2 - -1)*(1 + -2). Let r be (4 + 5)*l/3. What is the units digit of b(r)?
7
Let q(a) = 25*a**2 - a - 1. Suppose 0 + 2 = -2*i. What is the units digit of q(i)?
5
Suppose -53*w = -58*w + 65. What is the tens digit of w?
1
Suppose 3*f = -4*z + 1, -4*f + 10 = -2*f - 2*z. Suppose -4*q + 9 = -f. What is the units digit of q?
3
Suppose 0 = 5*l + 4*g - 2*g - 19, 3*g + 24 = 3*l. Let w = l - 4. What is the units digit of 8/(w + -2 + 3)?
4
Let q be (-1 - 1) + 1*6. Suppose 5*k - 4 = -q*m + 2*m, -2*m - 2 = 2*k. What is the units digit of k?
2
Let q(u) be the third derivative of -u**6/120 + 2*u**5/15 - 3*u**4/8 + 5*u**3/3 + u**2. Let j be q(7). Let n = j - -9. What is the units digit of n?
5
Let m(c) = -4*c + 2. What is the tens digit of m(-2)?
1
Suppose 3*d = -2*s + 10, -4*d - 6 + 16 = s. Suppose 2 + s = q. What is the units digit of 2*2/q + 10?
1
Let x = -8 - -7. Let b be x - 9/(-6)*2. Let d = 5 - b. What is the units digit of d?
3
Suppose 0 = 4*i + 5*g + 7 + 29, i - g + 9 = 0. Let c = i - -15. What is the units digit of c?
6
Let f(c) = -c**2 + 17*c - 17. What is the tens digit of f(12)?
4
Suppose 4*f + 255 = 5*j + 1036, 0 = -4*f - 4*j + 772. What is the units digit of f?
4
Suppose 0 = 4*x + 4*g - 28, 2*x + 0*x - 12 = -g. Let h = -29 + 16. Let v = x - h. What is the tens digit of v?
1
Suppose g + 4*w + 16 = 0, 8 = -5*g + g - 2*w. Suppose g = 5*s + 5*b - 15, 0*b = -2*s + b - 3. Let q = s + 8. What is the units digit of q?
8
Let p(r) = -13*r + 19. What is the units digit of p(-8)?
3
Let v = 5 + -6. What is the units digit of 10/3 - v/(-3)?
3
Let p(j) = -3*j + 1. Suppose 5*g + 2 = a + 8, -4*a - g = -18. Let q = a + -6. What is the units digit of p(q)?
7
Suppose 18 + 14 = 2*x. Suppose x = -0*f + 4*f. What is the units digit of f?
4
Let q(o) = 12*o + 20. What is the tens digit of q(9)?
2
Let i(o) = -17*o + 2. Let c be i(-2). Let m = c + 3. What is the units digit of m?
9
Let g(t) = -t**2 + 5*t - 2. Let u be g(4). Let i be ((-3)/(-5))/(1/5). Suppose 16 = 4*d - i*r, 4 = u*r - 4. What is the units digit of d?
7
Suppose -k - 6 = -3*k, 5*c + 21 = -3*k. Let q = -3 - c. Let d = 3 + q. What is the units digit of d?
6
Suppose 0 = 5*s + 10 - 15, 0 = -v + 2*s + 43. What is the tens digit of v?
4
Let c(p) = p. Let j(i) = -15*i - 9. Let s(d) = -12*c(d) - j(d). Let b be s(7). Suppose 0 = 3*r - 3*z - 20 - 10, -3*r = 2*z - b. What is the tens digit of r?
1
Suppose -u + 25 = u + 3*k, 0 = -4*u - k + 55. What is the units digit of u?
4
Suppose 0 = 3*n + n - 432. What is the hundreds digit of n?
1
Let v(i) = -i**2 - 3*i + 5. Suppose 0 = y - 3*j + 16, 0*y - 5*j = 3*y - 8. What is the units digit of v(y)?
1
Let r = 35 + -9. What is the units digit of r?
6
Suppose -3*d + 139 + 68 = 0. What is the units digit of d?
9
Let o(k) = k - 11. Let c be o(9). Let y(i) = -i. Let a be y(c). What is the units digit of (a - (-15)/(-9))*27?
9
Let m(o) = 44*o - 33. What is the tens digit of m(7)?
7
Let s(n) = n**2 - 7*n + 8. Let k(v) = v**3 + 6*v**2 + 5*v + 4. Let t be k(-5). Suppose t*y = 5*y - 8. What is the units digit of s(y)?
6
Let k(i) = 28*i**3 + i**2 + i + 1. Let q be k(-1). Let n = q - -29. What is the units digit of n?
2
Let c = 2 - -1. Suppose -c = 3*a + 3. What is the units digit of (3/(-6))/(a/12)?
3
Let i = 242 - 161. What is the units digit of i?
1
Let d be ((-1 - 0)*1)/(-1). Let r(i) = -i**3 - i**2 + i + 1. Let x be r(-2). Suppose 3*j - x = -0*j, m - d = 2*j. What is the units digit of m?
3
Let w be (-1)/(-3) + 39/(-9). Let s be (-18)/(-5)*(1 + 9). What is the units digit of s/21 - w/14?
2
Let m(u) = u**2 + 7*u. Let p be m(-7). Suppose -17 = -y - g, p = 2*y - 3*y + 2*g + 8. What is the units digit of ((-12)/14)/((-2)/y)?
6
Suppose 0*c - 4*c = -16. What is the units digit of c?
4
Let l be 21 + (8 - -1)/(-3). What is the units digit of ((-15)/(-6) + -1)*l?
7
Suppose 2*s + 4*v = 5*s - 22, 10 = s - 2*v. Suppose s*g - 1 = 7. What is the units digit of 86/18 + g/18?
5
Suppose 0 = -4*t + 130 + 42. What is the units digit of t?
3
Suppose y + 5 = 3. Let t(d) = 2*d**2 - 2*d - 3. What is the units digit of t(y)?
9
Suppose -4*n - 14 = -38. Let b = n + 0. What is the units digit of b?
6
Suppose l = 3*j - 12, 0 = -l - 3*j - 6 + 18. What is the units digit of (1 - (1 - l)) + 4?
4
Let n(u) = u**3 - 6*u**2 + 1. Let g be n(5). Let r = g + 34. What is the tens digit of r?
1
Let n(g) = 26*g**2 + 6*g + 3. What is the tens digit of n(-2)?
9
Let i = -27 - -49. What is the tens digit of i?
2
Let b be (24/(-20))/(3/(-20)). Let q be (-3)/12 - (-290)/b. Suppose -5*f + q = -f. What is the units digit of f?
9
Suppose -4 = n, 8 + 13 = 5*b - 4*n. Let x be -2*b*(0 - 1). Suppose 3*h = -5*c + 9, c - 13 = -x*h - 0*h. What is the units digit of h?
8
Suppose 4*j + 0*j - t = -10, 0 = 5*j + 2*t + 6. Let c = -2 - -3. What is the units digit of 3*j*c/(-2)?
3
Suppose -p + 5 = -1. What is the tens digit of 94/p - (-4)/12?
1
Let j(m) = -10*m**3 - 2*m**2 + 1. Let i be j(-1). Let z = i + -5. What is the units digit of z?
4
Let c be 12/42 +